base 2.
-10011111000011000
What is 5616322 (base 7) in base 12?
295551
Convert 10000000111101001111 (base 2) to base 15.
a678c
Convert -a60665 (base 14) to base 3.
-101120000110211
What is c34168 (base 13) in base 12?
16352aa
Convert 16003211 (base 7) to base 6.
52445552
What is 110110111100111110101 (base 2) in base 13?
4b07cb
What is -10100202000220 (base 3) in base 15?
-254319
Convert -1604505 (base 11) to base 14.
-515cdb
Convert -a58553 (base 16) to base 2.
-101001011000010101010011
Convert 12151065 (base 7) to base 16.
109a2b
Convert 13b5d2 (base 16) to base 5.
312313410
What is -17044 (base 11) in base 7?
-126663
-517404 (base 8) to base 9
-281566
What is -1310233 (base 7) in base 3?
-22200000021
What is -3366ca (base 14) in base 8?
-6523152
What is 26b8812 (base 12) in base 8?
35316616
What is -12002002210 (base 3) in base 2?
-11000011001101100
Convert -8179ee (base 16) to base 10.
-8485358
What is 244899 (base 11) in base 12?
167bb6
What is -7aa61 (base 13) in base 3?
-102100210221
What is 210212122002 (base 3) in base 15?
8789b
591a47 (base 11) to base 10
939616
What is 300208 (base 9) in base 12?
86745
Convert 20625746 (base 8) to base 10.
4402150
What is 311181 (base 11) in base 10?
499335
-1db5de (base 15) to base 12
-5a269b
-120212122021 (base 3) to base 11
-1a3851
What is -10110100100101011 (base 2) in base 5?
-10424314
Convert -34121443 (base 5) to base 14.
-7bc38
Convert 73203 (base 11) to base 3.
12102101210
Convert -22332130 (base 4) to base 16.
-af9c
110122232310 (base 4) to base 6
310415300
-10022111111001 (base 3) to base 8
-6560520
-606e9 (base 15) to base 8
-1124247
5dd97 (base 14) to base 2
111000010000100001
10002210030 (base 4) to base 2
100000010100100001100
What is 202212013203 (base 4) in base 7?
140041212
What is 20906b (base 13) in base 5?
143344243
What is -1222015 (base 7) in base 9?
-258031
What is -cb23d (base 16) in base 11?
-51915a
What is 77614f (base 16) in base 9?
15644074
Convert 733226 (base 8) to base 16.
3b696
What is 3a98426 (base 12) in base 4?
230123211132
What is 10101100001010011111 (base 2) in base 3?
1022211022220
What is -660322 (base 8) in base 11?
-141378
What is 1015533 (base 6) in base 3?
2111112110
21322031210 (base 4) to base 15
364a72
-335414 (base 16) to base 8
-14652024
473cac (base 14) to base 4
21101133200
-3102133131 (base 4) to base 6
-30251313
130311324 (base 5) to base 13
193188
824cb (base 16) to base 7
4351666
-32584101 (base 9) to base 13
-335b747
What is 101742 (base 13) in base 4?
1123133013
Convert 6b6c9 (base 13) to base 12.
95a08
4274a (base 12) to base 5
10244331
Convert -24014334 (base 5) to base 8.
-655501
-33294 (base 11) to base 4
-23302011
Convert 4b9b4 (base 12) to base 7.
610261
What is -543676 (base 9) in base 10?
-324231
Convert 36331063 (base 8) to base 2.
11110011011001000110011
294787 (base 11) to base 8
1602551
-10c10 (base 14) to base 16
-9f4e
What is 14205545 (base 6) in base 4?
1312001021
-32232410 (base 6) to base 12
-39b706
Convert -100221111220 (base 3) to base 13.
-6b136
Convert 11331031 (base 5) to base 2.
11001101010110101
Convert -2a0c6b (base 14) to base 3.
-2202021211121
Convert -11022321203 (base 4) to base 11.
-846339
-1dbb8 (base 15) to base 8
-275574
What is -111011111001010101 (base 2) in base 16?
-3be55
What is -10213433 (base 5) in base 13?
-2cbb5
What is 4a44930 (base 12) in base 5?
12204222234
What is -6342208 (base 9) in base 16?
-33c881
83ebc (base 15) to base 9
707006
What is -53100465 (base 7) in base 16?
-447a20
-2432240 (base 5) to base 8
-131571
65aa931 (base 11) to base 13
252cb2a
Convert 68ab15 (base 13) to base 6.
125053525
Convert -111000101011011100010 (base 2) to base 11.
-105941a
Convert -9181517 (base 10) to base 13.
-1b96167
Convert 729103 (base 10) to base 3.
1101001010211
-20ef1 (base 16) to base 10
-134897
Convert 3618087 (base 10) to base 14.
6a278b
What is 13300205 (base 7) in base 11?
768968
Convert 100001110011100111100 (base 2) to base 14.
20b9c8
-1a9772 (base 12) to base 13
-1372b2
What is 104242424 (base 5) in base 8?
1606637
-14262623 (base 7) to base 10
-1343156
Convert 227631 (base 9) to base 3.
20221201001
1022223010 (base 4) to base 14
7d672
Convert 1164352 (base 7) to base 14.
3cb62
-bb0c (base 15) to base 7
-223326
Convert -150acde (base 15) to base 5.
-12344133114
Convert -144334235 (base 6) to base 2.
-1011011111111000001111
480709 (base 11) to base 9
1381465
What is -7134386 (base 9) in base 14?
-70d836
Convert 1912b0 (base 12) to base 16.
6ad64
Convert -2c5967 (base 13) to base 4.
-10030002311
-10001011110010010000 (base 2) to base 4
-2023302100
Convert 51226 (base 8) to base 5.
1134032
What is 10240001213 (base 5) in base 3?
202102201111212
Convert -132211311232 (base 4) to base 7.
-125106625
-2128003 (base 11) to base 7
-43552522
Convert -a35050 (base 11) to base 9.
-3111584
What is -134867 (base 9) in base 13?
-2b642
Convert 95797 (base 10) to base 11.
65a79
What is -1478512 (base 11) in base 12?
-a1ba12
What is 27185 (base 12) in base 16?
d235
Convert 6491a9 (base 11) to base 2.
11111101001100100001
Convert 10200001012011 (base 3) to base 12.
7a0211
485547 (base 10) to base 2
1110110100010101011
What is -26995 (base 13) in base 7?
-416521
What is -107a36 (base 11) in base 12?
-83395
What is -9cc14 (base 14) in base 11?
-240312
What is 10101101110011000101 (base 2) in base 9?
1304454
-199aa9 (base 14) to base 5
-213112443
Convert 1032301331 (base 4) to base 3.
121101122022
What is -a0c4d8 (base 14) in base 5?
-2341142032
Convert 30422143 (base 5) to base 13.
890c6
What is 222110021020 (base 3) in base 14?
d7a8d
Convert 1103770 (base 8) to base 3.
120002100020
Convert -50a3311 (base 11) to base 5.
-4301233313
412166 (base 14) to base 9
4115568
What is -1a3b891 (base 14) in base 8?
-61631667
Convert 22341313 (base 5) to base 14.
52a3d
What is -200111002020 (base 3) in base 7?
-3043506
Convert -a726 (base 16) to base 15.
-ca2a
What is -64743207 (base 8) in base 7?
-225653215
e4ed (base 16) to base 5
3333410
What is 11323330 (base 4) in base 7?
130615
-110111000010110010 (base 2) to base 15
-46c08
What is 23129 (base 13) in base 4?
33212231
What is 2302103 (base 5) in base 10?
40903
-523264 (base 9) to base 15
-62134
-1524013031 (base 6) to base 11
-a9404a8
Convert 211210011010 (base 3) to base 11.
286a19
Convert 3680b5 (base 14) to base 13.
5044b7
What is -32111124 (base 5) in base 13?
-958ba
-1222342124 (base 5) to base 10
-2934039
What is 2186988 (base 12) in base 13?
143048c
What is -46a4f (base 16) in base 11?
-188444
What is 645ba (base 13) in base 3?
100012111100
-73c52 (base 14) to base 2
-1000100010000010000
What is 325522 (base 6) in base 5?
1332234
Convert -121243530 (base 6) to base 4.
-20303122032
What is -443303 (base 7) in base 6?
-1401055
-5f953 (base 16) to base 2
-1011111100101010011
-212212021002 (base 3) to base 4
-1302222203
What is 2554306 (base 7) in base 15?
6895d
What is 12110220121 (base 3) in base 10?
107827
Convert 317a12 (base 11) to base 15.
a093e
13357 (base 14) to base 7
254640
-241001120 (base 5) to base 15
-16db40
Convert 59ac7 (base 13) to base 4.
220021033
-150a00 (base 11) to base 16
-397ca
What is 4a53b5 (base 13) in base 16?
1b3296
What is 73aa53 (base 11) in base 8?
4414102
Convert 301130441 (base 5) to base 13.
329ac1
What is 1313146 (base 11) in base 16?
22b0ef
Convert 2010201000211 (base 3) to base 5.
242321204
50205634 (base 7) to base 11
2387535
Convert 5007671 (base 10) to base 9.
10372208
-2131330203 (base 4) to base 14
-12baa7
54456 (base 8) to base 13
a512
143210 (base 7) to base 14
a077
What is -21d1 (base 14) in base 3?
-22001022
-350122031 (base 6) to base 4
-120212203003
-142405562 (base 7) to base 12
-317683b
Convert -122130331 (base 4) to base 12.
-52851
296a8 (base 12) to base 2
1110001010100000
What is -2a280 (base 14) in base 12?
-50774
b0868 (base 15) to base 7
4515035
What is -21220311 (base 4) in base 14?
-1055b
Convert 4a0d77 (base 14) to base 8.
11535175
-b94a (base 16) to base 15
-e0c4
What is -36420762 (base 8) in base 9?
-16048474
Convert 11133022 (base 4) to base 14.
8294
Convert 100001011100101110001 (base 2) to base 7.
12213323
Convert -138aa1 (base 11) to base 5.
-23420233
What is 220a36 (base 13) in base 8?
3035243
What is -